2, 5, 7
What are the prime factors of 2155829?
13, 165833
What are the prime factors of 2393509?
43, 55663
List the prime factors of 664463.
503, 1321
What are the prime factors of 1554356?
2, 523, 743
List the prime factors of 375319.
7, 53617
List the prime factors of 205581.
3, 17, 29, 139
List the prime factors of 2478276.
2, 3, 7649
What are the prime factors of 2087683?
13, 160591
List the prime factors of 30002705.
5, 17, 352973
List the prime factors of 200020.
2, 5, 73, 137
List the prime factors of 2579314.
2, 1289657
What are the prime factors of 135226?
2, 7, 13, 743
What are the prime factors of 696278?
2, 11, 31649
What are the prime factors of 164096?
2, 641
What are the prime factors of 437717?
7, 8933
What are the prime factors of 8892648?
2, 3, 113, 1093
What are the prime factors of 268524?
2, 3, 7459
What are the prime factors of 5052403?
67, 73, 1033
What are the prime factors of 142317?
3, 7, 251
What are the prime factors of 897638?
2, 7, 97, 661
List the prime factors of 2916255.
3, 5, 433, 449
List the prime factors of 2993073.
3, 73, 79, 173
What are the prime factors of 2708613?
3, 43, 2333
List the prime factors of 1287246.
2, 3, 214541
What are the prime factors of 419950?
2, 5, 37, 227
List the prime factors of 1009349.
11, 89, 1031
List the prime factors of 1977746.
2, 17, 58169
What are the prime factors of 856900?
2, 5, 11, 19, 41
List the prime factors of 998362.
2, 499181
What are the prime factors of 744595?
5, 137, 1087
What are the prime factors of 16524?
2, 3, 17
List the prime factors of 16754023.
11, 13, 10651
List the prime factors of 396619.
396619
List the prime factors of 13848630.
2, 3, 5, 31, 14891
What are the prime factors of 441212?
2, 73, 1511
What are the prime factors of 6148456?
2, 67, 11471
What are the prime factors of 341615?
5, 17, 4019
What are the prime factors of 4273897?
383, 11159
What are the prime factors of 12814884?
2, 3, 355969
List the prime factors of 203976.
2, 3, 2833
List the prime factors of 12822684.
2, 3, 7, 23, 6637
What are the prime factors of 687535?
5, 137507
List the prime factors of 987602.
2, 7, 11, 53
List the prime factors of 119539.
7, 17077
What are the prime factors of 4496842?
2, 7, 321203
What are the prime factors of 18128675?
5, 725147
List the prime factors of 2724227.
11, 227, 1091
What are the prime factors of 2183267?
659, 3313
List the prime factors of 198529.
198529
What are the prime factors of 3096715?
5, 19, 37, 881
List the prime factors of 587302.
2, 293651
List the prime factors of 234222.
2, 3, 103, 379
List the prime factors of 46835.
5, 17, 19, 29
List the prime factors of 11821306.
2, 7, 19, 2339
List the prime factors of 100177.
7, 11, 1301
What are the prime factors of 23159393?
167, 138679
What are the prime factors of 185908?
2, 46477
What are the prime factors of 3433169?
3433169
List the prime factors of 400789.
457, 877
What are the prime factors of 7090091?
47, 61, 2473
List the prime factors of 15646321.
15646321
List the prime factors of 12773.
53, 241
What are the prime factors of 208249?
29, 43, 167
List the prime factors of 905004.
2, 3, 23, 1093
What are the prime factors of 5596892?
2, 7, 199889
What are the prime factors of 10854895?
5, 211, 10289
What are the prime factors of 14399936?
2, 71, 3169
What are the prime factors of 563651?
11, 51241
List the prime factors of 2005441.
2005441
What are the prime factors of 6605484?
2, 3, 550457
What are the prime factors of 151055?
5, 30211
What are the prime factors of 46849?
11, 4259
List the prime factors of 4658245.
5, 107, 8707
List the prime factors of 3538873.
13, 17, 67, 239
List the prime factors of 14962.
2, 7481
List the prime factors of 2496142.
2, 11, 83, 1367
List the prime factors of 1805838.
2, 3, 300973
List the prime factors of 386850.
2, 3, 5, 2579
What are the prime factors of 1552057?
13, 119389
What are the prime factors of 622262?
2, 241, 1291
What are the prime factors of 2194388?
2, 7, 109, 719
What are the prime factors of 2805?
3, 5, 11, 17
List the prime factors of 44893626.
2, 3, 211, 35461
List the prime factors of 7137440.
2, 5, 31, 1439
List the prime factors of 10713974.
2, 127, 42181
List the prime factors of 693057.
3, 231019
List the prime factors of 850966.
2, 179, 2377
What are the prime factors of 18515822?
2, 13, 17, 163, 257
List the prime factors of 14171933.
23, 616171
List the prime factors of 1323831.
3, 137, 3221
What are the prime factors of 2361769?
73, 32353
List the prime factors of 917775.
3, 5, 4079
List the prime factors of 155932.
2, 7, 5569
List the prime factors of 9976037.
9976037
List the prime factors of 12003912.
2, 3, 29, 5749
List the prime factors of 4867535.
5, 37, 83, 317
List the prime factors of 10595173.
293, 36161
List the prime factors of 20466251.
13, 23, 68449
What are the prime factors of 185236?
2, 46309
List the prime factors of 468887.
468887
What are the prime factors of 188848?
2, 11, 29, 37
List the prime factors of 3228470.
2, 5, 7, 17, 2713
What are the prime factors of 4178696?
2, 522337
List the prime factors of 418133.
19, 59, 373
List the prime factors of 11485740.
2, 3, 5, 7, 23, 29, 41
List the prime factors of 924477.
3, 17, 18127
List the prime factors of 24052.
2, 7, 859
What are the prime factors of 64831?
13, 4987
What are the prime factors of 3410484?
2, 3, 7, 11, 3691
List the prime factors of 1629707.
659, 2473
What are the prime factors of 9381?
3, 53, 59
What are the prime factors of 2430563?
2430563
List the prime factors of 2262894.
2, 3, 131, 2879
What are the prime factors of 1007615?
5, 7, 28789
What are the prime factors of 904107?
3, 23, 13103
What are the prime factors of 33728?
2, 17, 31
List the prime factors of 6690943.
7, 137, 6977
What are the prime factors of 593181?
3, 17, 3877
List the prime factors of 1951883.
359, 5437
List the prime factors of 1769273.
11, 41, 3923
What are the prime factors of 25086?
2, 3, 37, 113
List the prime factors of 27473626.
2, 31, 443123
List the prime factors of 13360075.
5, 534403
List the prime factors of 1407736.
2, 11, 17, 941
List the prime factors of 273183.
3, 41, 2221
List the prime factors of 255422.
2, 127711
What are the prime factors of 64112?
2, 4007
List the prime factors of 3052889.
7, 436127
List the prime factors of 1640942.
2, 17, 167
List the prime factors of 2649651.
3, 883217
List the prime factors of 474082.
2, 7, 33863
What are the prime factors of 583469?
583469
List the prime factors of 12157374.
2, 3, 2026229
List the prime factors of 7796508.
2, 3, 649709
List the prime factors of 6523485.
3, 5, 31, 14029
List the prime factors of 204972.
2, 3, 19, 29, 31
What are the prime factors of 1124480?
2, 5, 7, 251
What are the prime factors of 228236?
2, 57059
What are the prime factors of 3894155?
5, 778831
List the prime factors of 187229.
7, 3821
What are the prime factors of 20552850?
2, 3, 5, 45673
List the prime factors of 23375464.
2, 7, 417419
List the prime factors of 108537.
3, 11, 13, 23
What are the prime factors of 1882183?
1882183
List the prime factors of 243476.
2, 60869
What are the prime factors of 1544664?
2, 3, 11, 5851
List the prime factors of 8466.
2, 3, 17, 83
List the prime factors of 2019963.
3, 11, 61211
What are the prime factors of 129111?
3, 43037
List the prime factors of 515891.
37, 73, 191
List the prime factors of 9643501.
7, 1377643
List the prime factors of 35630819.
7, 5090117
What are the prime factors of 22378848?
2, 3, 233113
What are the prime factors of 17699082?
2, 3, 347, 8501
List the prime factors of 483557.
483557
What are the prime factors of 162588?
2, 3, 17, 797
List the prime factors of 37623268.
2, 19, 495043
List the prime factors of 3401702.
2, 1700851
What are the prime factors of 1123535?
5, 7, 47, 683
List the prime factors of 13292827.
17, 23, 33997
What are the prime factors of 429405?
3, 5, 28627
What are the prime factors of 5670094?
2, 19, 149213
What are the prime factors of 865438?
2, 7, 8831
List the prime factors of 3197736.
2, 3, 23, 1931
List the prime factors of 3684683.
3684683
What are the prime factors of 11348514?
2, 3, 630473
List the prime factors of 5030675.
5, 13, 23, 673
List the prime factors of 431695.
5, 11, 47, 167
What are the pri